divided by (-6)/12*8*38/(-8)?
17
Suppose -25 = -6*c - 7. Let z be (1 - (5 - c)) + 1*6. Suppose -5*m - 135 = -0*x - z*x, -3*x = -4*m - 79. What is the remainder when x is divided by 8?
5
Suppose 0 = 5*b + 2*s - 768, 496 = 4*b + 3*s - 117. Let d = 86 + -40. Calculate the remainder when b is divided by d.
16
Suppose 8*a - 13 = 7*a. Let l(q) = 189*q**2 + 7*q + 8. What is the remainder when l(-1) is divided by a?
8
Suppose 471 = 4*n + 3*f, -44*n + 41*n - 4*f + 348 = 0. What is the remainder when n is divided by 37?
9
Let a(p) = 2*p**2 + 35*p - 17. Let y be a(-11). Let v = 29 - y. What is the remainder when v is divided by 19?
18
Suppose -26*l + 3770 = -8710. Calculate the remainder when l is divided by 108.
48
Let b = -18 - -33. Let m(c) = 4*c + 9. Let o be m(-3). What is the remainder when (-84)/((-3 - -4) + o) is divided by b?
12
Suppose -5*l - 10 = 0, 3*l - 32 = -3*a - 2. Let q = 1 + -6. Let g = a - q. Calculate the remainder when 28 is divided by g.
11
Let i(r) = -r**3 + 19*r**2 - 16*r - 31. Let f be i(18). Suppose -5*b - 339 = -4*z, -f*z + 4*b = -9*z + 312. What is the remainder when z is divided by 6?
3
Let c = 180 + -179. What is the remainder when 169 is divided by (102/(-12))/17*(c + -19)?
7
Let a(w) = -w**3 - 42*w**2 + 87*w + 867. What is the remainder when a(-44) is divided by 30?
11
Suppose j + j - 186 = 2*w, -4*j + 372 = 3*w. Suppose -3*c = 3*l - j, -3*l = -2*l - c - 33. What is the remainder when l is divided by 3?
2
Let m = -1866 - -1950. Calculate the remainder when m is divided by 13.
6
Suppose -14*j = -69*j + 18*j + 21608. Calculate the remainder when j is divided by 28.
24
Suppose 3*a + 32 = -5*j, 5*a - 3*j + 3 = -5. What is the remainder when 50 is divided by (-38)/(-2) - (5 + -25)/a?
8
Suppose 2*j - 30 = -j. Calculate the remainder when (6 - 7)*(63/(-21) - 35*1) is divided by j.
8
Let p(s) = 14*s + 49. Let r be p(-22). Suppose -44 = -5*y + 186. Calculate the remainder when y is divided by (11 + r/14)/((-3)/4).
6
Let u = 3 - -31. Let x = u - -6. Suppose 5*p = -3*l + 61, 17*l - 4*p - 43 = 14*l. What is the remainder when x is divided by l?
6
Suppose 17 = -5*d - 2*z, -15 = -d - 9*z + 4*z. Calculate the remainder when (-2)/d - (-18986)/110 is divided by 29.
28
Suppose -23496*d - 36 = -23514*d. What is the remainder when 298 is divided by d?
0
Suppose 12 = s + 9. Let c be 1/(-4) - (-9)/12*s. Suppose 9*w = c*w + 77. What is the remainder when 59 is divided by w?
4
Suppose 53*x - 1908 - 53 = 0. Calculate the remainder when x is divided by 11.
4
Let f(b) = 182*b**2 - 990*b - 991. What is the remainder when 17734 is divided by f(-1)?
177
Let f = -18 + 30. Suppose 20 + f = 4*x. Calculate the remainder when 31 is divided by x.
7
Suppose -3*w - w - y + 176 = 0, -164 = -4*w - 4*y. Suppose 11*s + w = 16*s. What is the remainder when s is divided by 3?
0
Suppose 2*z + 3 = y, 2*z + 33 + 3 = 4*y. What is the remainder when 195 is divided by y?
8
Let a be (-2 + 36/(-10))/((-2)/45). Suppose -i = 2*i - a. Calculate the remainder when -15*5/((-45)/i) is divided by 19.
13
Let s(v) = -14*v + 165. Let i be s(-20). Suppose i = n + 400. What is the remainder when n is divided by 11?
1
Let m(u) = 9*u**2 + 77*u + 72. Calculate the remainder when 396 is divided by m(-9).
72
Suppose 838 + 1160 = 19*s + 18*s. Calculate the remainder when 199 is divided by s.
37
Let m = 89 + -8. Let b(c) = 3*c**3 - 7*c**2 + 7*c - 13. What is the remainder when m is divided by b(3)?
3
Suppose 60*z + 2320 = 118*z. Calculate the remainder when 100 is divided by z.
20
Let w = -18740 + 18775. What is the remainder when 6155 is divided by w?
30
Let r = 18 - 8. Suppose -c = 4*d + 187, -8*d + 3*d - 4*c = 220. Calculate the remainder when d/(-2) - (4 - 8) is divided by r.
8
Let z = 9504 - 9455. Calculate the remainder when 175 is divided by z.
28
Calculate the remainder when 2306 is divided by 468 - (92/(-23) + 11).
1
Let v = 405 - -12698. Calculate the remainder when v is divided by 21.
20
Let x be 194/8*(6 + -10). Let u = 103 + x. What is the remainder when u is divided by 2?
0
Suppose o + 12 = 141. Let b be (-3)/((-21)/(-1006)) + 10/(-35). Let s = b - -177. What is the remainder when o is divided by s?
30
Let h = 18355 + -18304. Calculate the remainder when 283 is divided by h.
28
Let q(z) = z + 20. Let f = 43 - 2. Let y = 26 - f. Calculate the remainder when q(y) is divided by 4.
1
Let i be (-89)/(-1) + (15/(-3) - -4). Let o = i + -62. Suppose 2*a + 12 = y - 47, 270 = 5*y - 5*a. Calculate the remainder when y is divided by o.
23
Suppose -19*l - 91 = -26*l. Suppose -4*b - 13 = -g, 11*b = g + 6*b - l. Calculate the remainder when 376 is divided by g.
12
Suppose 3*m - 2051 = 8458. Suppose -9*s + m = 22*s. What is the remainder when s is divided by 9?
5
Let q = 478 - 483. Let p(v) = 2*v**3 + 13*v**2 + 12*v + 16. What is the remainder when p(q) is divided by 16?
15
Let o(n) = n**2 - 2*n - 3. Suppose 2 = -2*t + 6. Let v be o(t). Let a(y) = 13*y**2 + 5*y. Calculate the remainder when a(v) is divided by 29.
15
Let c(p) = p**2 - 12*p - 11. Let h be c(13). Suppose 40 = 4*q - h*n + 8, -5*n = -20. Let u = 47 - 8. What is the remainder when u is divided by q?
9
Suppose -965*l + 961*l = 20, 0 = -5*w + l + 14085. Calculate the remainder when w is divided by 9.
8
Let l(p) = 40*p**2 + 4*p - 2. Let v be l(2). Let q = 218 - v. Let k(n) = -3*n + 3. Calculate the remainder when q is divided by k(-5).
16
Let k(w) = -w**3 - 8*w**2 - 15*w - 58. Suppose -71*c - 19 = -68*c - x, 4*c - 5*x = -7. What is the remainder when k(c) is divided by 22?
18
Suppose 109*g + 1054 = 171*g. What is the remainder when (5/(-10))/((-2)/268) is divided by g?
16
Let y(t) = 5 + 5*t - 14*t - 19*t. Suppose -k + m + 3*m = -33, 0 = -2*k + 3*m + 51. What is the remainder when y(-2) is divided by k?
19
Let p(o) = -o**2 + 12*o - 23. Let y be p(9). Suppose 0 = m - y*n - 13, -m - 2*n + 58 = 3*n. What is the remainder when 35 is divided by m?
2
Let l(k) = -k**3 + 26*k**2 - k + 64. Let x = -125 + 127. Suppose 0 = 6*h - 5*h - x*j - 22, -4*h + 2*j = -100. What is the remainder when 110 is divided by l(h)?
34
Let t = 32 - 17. What is the remainder when (18/15)/((-9)/(-420)) is divided by t?
11
Suppose 1713 + 1014 = 101*v. Let o = 17 + -11. Calculate the remainder when v is divided by o.
3
Suppose -3*d - 3*o = 40 - 175, 5*d + o = 233. Calculate the remainder when 212 is divided by d.
24
Let f = -3621 - -3855. Calculate the remainder when f is divided by 41.
29
Suppose -26*h + 4581 = -0*h - 723. Calculate the remainder when 282 is divided by h.
78
Let s(u) = -u + 96. Let c(i) = -i + 64. Let n(q) = 8*c(q) - 5*s(q). What is the remainder when n(-4) is divided by 17?
10
Suppose -961 = 2*a - 1045. Suppose -z + a*z - 1435 = 0. What is the remainder when z is divided by 17?
1
Let r be -3 - ((-8)/4)/(-2). Let v be (-2)/(((-14)/882)/(2/r)). Let d = 76 + v. What is the remainder when 25 is divided by d?
12
Suppose -x - f + 18 = 0, 5*x - 2*f = -0*f + 90. Let l = 521 + -359. Let h = -97 + l. What is the remainder when h is divided by x?
11
Suppose -o + z - 6*z + 20 = 0, 5*z - 110 = -3*o. Suppose y - 180 = -2*y. Suppose r - y = 27. What is the remainder when r is divided by o?
42
Let a(f) = -2*f**3 + 13*f**2 + 6*f - 6. Let n be a(6). Let t = n + -48. What is the remainder when t is divided by (7 + (-140)/21)/((-1)/(-33))?
7
Suppose 0 = p - 36*p + 4218 + 2292. What is the remainder when p is divided by 39?
30
Let i(m) = -181*m - 5415. Calculate the remainder when i(-40) is divided by 59.
55
Suppose 0 = -12*x + 2122 - 742. What is the remainder when 1148 is divided by x?
113
Let c(r) = 33*r**2 + 2*r - 3. Let d(n) = 3*n**2 - 8*n + 14. Let q = 29 - 26. What is the remainder when c(2) is divided by d(q)?
14
Let o = 1908 - 1094. What is the remainder when o is divided by 102?
100
Let t(i) be the third derivative of i**5/20 - i**4/4 - 47*i**3/6 + i**2 - 11*i. What is the remainder when t(-7) is divided by 49?
44
Suppose 88*l = 16*l + 105480. What is the remainder when l is divided by 98?
93
Suppose -56*i + 4376 - 3424 = 0. Suppose -4*a + 107 = 3*k, -3*a + 2*k = 33 - 126. Let x = a - -4. Calculate the remainder when x is divided by i.
16
Let w(a) = 17*a**3 - 10*a**2 - 2*a + 10. Let o be w(2). Let d = 4 + 0. Suppose -d*y + 10*y - o = 0. What is the remainder 